{"id":2403,"date":"2022-10-18T19:14:26","date_gmt":"2022-10-18T17:14:26","guid":{"rendered":"https:\/\/www.gregorsinai.com\/staging\/?page_id=2403"},"modified":"2022-11-03T23:11:44","modified_gmt":"2022-11-03T22:11:44","slug":"haftungsausschluss","status":"publish","type":"page","link":"https:\/\/www.gregorsinai.com\/staging\/haftungsausschluss\/","title":{"rendered":"Haftungsausschluss"},"content":{"rendered":"\t\t<div data-elementor-type=\"wp-page\" data-elementor-id=\"2403\" class=\"elementor elementor-2403\" data-elementor-post-type=\"page\">\n\t\t\t\t\t\t<section class=\"elementor-section elementor-top-section elementor-element elementor-element-0e8f90b elementor-section-full_width elementor-section-height-default elementor-section-height-default\" data-id=\"0e8f90b\" data-element_type=\"section\" data-e-type=\"section\">\n\t\t\t\t\t\t<div class=\"elementor-container elementor-column-gap-default\">\n\t\t\t\t\t<div class=\"elementor-column elementor-col-100 elementor-top-column elementor-element elementor-element-b0258f6\" data-id=\"b0258f6\" data-element_type=\"column\" data-e-type=\"column\">\n\t\t\t<div class=\"elementor-widget-wrap elementor-element-populated\">\n\t\t\t\t\t\t<div class=\"elementor-element elementor-element-2468ced elementor-widget elementor-widget-template\" data-id=\"2468ced\" data-element_type=\"widget\" data-e-type=\"widget\" data-widget_type=\"template.default\">\n\t\t\t\t<div class=\"elementor-widget-container\">\n\t\t\t\t\t\t\t<div class=\"elementor-template\">\n\t\t\t\t\t<div data-elementor-type=\"page\" data-elementor-id=\"2866\" class=\"elementor elementor-2866\" data-elementor-post-type=\"elementor_library\">\n\t\t\t\t\t\t<section class=\"elementor-section elementor-top-section elementor-element elementor-element-312ba765 elementor-section-height-min-height elementor-section-full_width elementor-section-content-middle elementor-section-height-default elementor-section-items-middle\" data-id=\"312ba765\" data-element_type=\"section\" data-e-type=\"section\" data-settings=\"{&quot;background_background&quot;:&quot;classic&quot;,&quot;shape_divider_bottom&quot;:&quot;opacity-tilt&quot;}\">\n\t\t\t\t\t<div class=\"elementor-shape elementor-shape-bottom\" aria-hidden=\"true\" data-negative=\"false\">\n\t\t\t<svg xmlns=\"http:\/\/www.w3.org\/2000\/svg\" viewBox=\"0 0 2600 131.1\" preserveAspectRatio=\"none\">\n\t<path class=\"elementor-shape-fill\" d=\"M0 0L2600 0 2600 69.1 0 0z\"\/>\n\t<path class=\"elementor-shape-fill\" style=\"opacity:0.5\" d=\"M0 0L2600 0 2600 69.1 0 69.1z\"\/>\n\t<path class=\"elementor-shape-fill\" style=\"opacity:0.25\" d=\"M2600 0L0 0 0 130.1 2600 69.1z\"\/>\n<\/svg>\t\t<\/div>\n\t\t\t\t\t<div class=\"elementor-container elementor-column-gap-no\">\n\t\t\t\t\t<div class=\"elementor-column elementor-col-50 elementor-top-column elementor-element elementor-element-494c4ac\" data-id=\"494c4ac\" data-element_type=\"column\" data-e-type=\"column\">\n\t\t\t<div class=\"elementor-widget-wrap elementor-element-populated\">\n\t\t\t\t\t\t<div class=\"elementor-element elementor-element-61e31211 elementor-widget elementor-widget-breadcrumbs\" data-id=\"61e31211\" data-element_type=\"widget\" data-e-type=\"widget\" data-widget_type=\"breadcrumbs.default\">\n\t\t\t\t<div class=\"elementor-widget-container\">\n\t\t\t\t\t<p id=\"breadcrumbs\"><span><span><a href=\"https:\/\/www.gregorsinai.com\/staging\/\">Startseite<\/a><\/span><\/span><\/p>\t\t\t\t<\/div>\n\t\t\t\t<\/div>\n\t\t\t\t<div class=\"elementor-element elementor-element-6c2b9da elementor-widget elementor-widget-heading\" data-id=\"6c2b9da\" data-element_type=\"widget\" data-e-type=\"widget\" data-widget_type=\"heading.default\">\n\t\t\t\t<div class=\"elementor-widget-container\">\n\t\t\t\t\t<h1 class=\"elementor-heading-title elementor-size-default\">Haftungsausschluss<\/h1>\t\t\t\t<\/div>\n\t\t\t\t<\/div>\n\t\t\t\t\t<\/div>\n\t\t<\/div>\n\t\t\t\t<div class=\"elementor-column elementor-col-50 elementor-top-column elementor-element elementor-element-5baa98bf\" data-id=\"5baa98bf\" data-element_type=\"column\" data-e-type=\"column\">\n\t\t\t<div class=\"elementor-widget-wrap\">\n\t\t\t\t\t\t\t<\/div>\n\t\t<\/div>\n\t\t\t\t\t<\/div>\n\t\t<\/section>\n\t\t\t\t<\/div>\n\t\t\t\t<\/div>\n\t\t\t\t\t\t<\/div>\n\t\t\t\t<\/div>\n\t\t\t\t\t<\/div>\n\t\t<\/div>\n\t\t\t\t\t<\/div>\n\t\t<\/section>\n\t\t\t\t<section class=\"elementor-section elementor-top-section elementor-element elementor-element-12a8b7e elementor-section-boxed elementor-section-height-default elementor-section-height-default\" data-id=\"12a8b7e\" data-element_type=\"section\" data-e-type=\"section\">\n\t\t\t\t\t\t<div class=\"elementor-container elementor-column-gap-default\">\n\t\t\t\t\t<div class=\"elementor-column elementor-col-100 elementor-top-column elementor-element elementor-element-6ae298d\" data-id=\"6ae298d\" data-element_type=\"column\" data-e-type=\"column\">\n\t\t\t<div class=\"elementor-widget-wrap elementor-element-populated\">\n\t\t\t\t\t\t<div class=\"elementor-element elementor-element-afa5d4f elementor-widget elementor-widget-text-editor\" data-id=\"afa5d4f\" data-element_type=\"widget\" data-e-type=\"widget\" data-widget_type=\"text-editor.default\">\n\t\t\t\t<div class=\"elementor-widget-container\">\n\t\t\t\t\t\t\t\t\t<h3>Inhalte dieser Webseite<\/h3><p>Ich entwickle die Inhalte dieser Webseite st\u00e4ndig weiter und bem\u00fche mich korrekte und aktuelle Informationen bereitzustellen. Leider kann ich keine Haftung f\u00fcr die Korrektheit aller Inhalte auf dieser Webseite \u00fcbernehmen, speziell f\u00fcr jene die seitens Dritter bereitgestellt wurden. Sollten Ihnen problematische oder rechtswidrige Inhalte auffallen, bitte ich Sie mich umgehend zu kontaktieren, Sie finden die Kontaktdaten im Impressum.<\/p><h3>Links auf dieser Webseite<\/h3><p>Meine Webseite enth\u00e4lt Links zu anderen Webseiten f\u00fcr deren Inhalt ich nicht verantwortlich bin. Haftung f\u00fcr verlinkte Websites besteht laut \u00a7 17 ECG f\u00fcr mich nicht, da ich keine Kenntnis rechtswidriger T\u00e4tigkeiten hatte und habe, uns solche Rechtswidrigkeiten auch bisher nicht aufgefallen sind und ich Links sofort entfernen w\u00fcrde, wenn mir Rechtswidrigkeiten bekannt werden. Wenn Ihnen rechtswidrige Links auf unserer Website auffallen, bitte ich Sie mich zu kontaktieren, Sie finden die Kontaktdaten im Impressum.<\/p><h3>Urheberrechtshinweis<\/h3><p>Alle Inhalte dieser Webseite (Bilder, Fotos, Texte, Videos) unterliegen dem Urheberrecht. Falls notwendig, werde ich die unerlaubte Nutzung von Teilen der Inhalte unserer Seite rechtlich verfolgen.<\/p><p>Die Bilder, Fotos und Grafiken auf dieser Webseite sind urheberrechtlich gesch\u00fctzt. Die Bilderrechte liegen bei folgendem Produzent: Gregor Sinai<\/p>\t\t\t\t\t\t\t\t<\/div>\n\t\t\t\t<\/div>\n\t\t\t\t\t<\/div>\n\t\t<\/div>\n\t\t\t\t\t<\/div>\n\t\t<\/section>\n\t\t\t\t<\/div>\n\t\t","protected":false},"excerpt":{"rendered":"<p>Inhalte dieser Webseite Ich entwickle die Inhalte dieser Webseite st\u00e4ndig weiter und bem\u00fche mich korrekte und aktuelle Informationen bereitzustellen. Leider kann ich keine Haftung f\u00fcr die Korrektheit aller Inhalte auf dieser Webseite \u00fcbernehmen, speziell f\u00fcr jene die seitens Dritter bereitgestellt wurden. Sollten Ihnen problematische oder rechtswidrige Inhalte auffallen, bitte ich Sie mich umgehend zu kontaktieren, [&hellip;]<\/p>\n","protected":false},"author":2,"featured_media":0,"parent":0,"menu_order":0,"comment_status":"closed","ping_status":"closed","template":"","meta":{"_acf_changed":false,"footnotes":""},"class_list":["post-2403","page","type-page","status-publish","hentry"],"acf":[],"yoast_head":"<!-- This site is optimized with the Yoast SEO plugin v23.8 - https:\/\/yoast.com\/wordpress\/plugins\/seo\/ -->\n<title>Haftungsausschluss - gregorsinai.com<\/title>\n<meta name=\"robots\" content=\"index, follow, max-snippet:-1, max-image-preview:large, max-video-preview:-1\" \/>\n<link rel=\"canonical\" href=\"https:\/\/www.gregorsinai.com\/staging\/haftungsausschluss\/\" \/>\n<meta property=\"og:locale\" content=\"de_DE\" \/>\n<meta property=\"og:type\" content=\"article\" \/>\n<meta property=\"og:title\" content=\"Haftungsausschluss - gregorsinai.com\" \/>\n<meta property=\"og:description\" content=\"Inhalte dieser Webseite Ich entwickle die Inhalte dieser Webseite st\u00e4ndig weiter und bem\u00fche mich korrekte und aktuelle Informationen bereitzustellen. Leider kann ich keine Haftung f\u00fcr die Korrektheit aller Inhalte auf dieser Webseite \u00fcbernehmen, speziell f\u00fcr jene die seitens Dritter bereitgestellt wurden. Sollten Ihnen problematische oder rechtswidrige Inhalte auffallen, bitte ich Sie mich umgehend zu kontaktieren, [&hellip;]\" \/>\n<meta property=\"og:url\" content=\"https:\/\/www.gregorsinai.com\/staging\/haftungsausschluss\/\" \/>\n<meta property=\"og:site_name\" content=\"gregorsinai.com\" \/>\n<meta property=\"article:publisher\" content=\"facebook.com\/pix.covery\" \/>\n<meta property=\"article:modified_time\" content=\"2022-11-03T22:11:44+00:00\" \/>\n<meta property=\"og:image\" content=\"https:\/\/www.gregorsinai.com\/staging\/wp-content\/uploads\/2021\/05\/Logo-Site-Identity.jpg\" \/>\n\t<meta property=\"og:image:width\" content=\"1458\" \/>\n\t<meta property=\"og:image:height\" content=\"417\" \/>\n\t<meta property=\"og:image:type\" content=\"image\/jpeg\" \/>\n<meta name=\"twitter:card\" content=\"summary_large_image\" \/>\n<meta name=\"twitter:label1\" content=\"Gesch\u00e4tzte Lesezeit\" \/>\n\t<meta name=\"twitter:data1\" content=\"2\u00a0Minuten\" \/>\n<script type=\"application\/ld+json\" class=\"yoast-schema-graph\">{\"@context\":\"https:\/\/schema.org\",\"@graph\":[{\"@type\":[\"Article\",\"BlogPosting\"],\"@id\":\"https:\/\/www.gregorsinai.com\/staging\/haftungsausschluss\/#article\",\"isPartOf\":{\"@id\":\"https:\/\/www.gregorsinai.com\/staging\/haftungsausschluss\/\"},\"author\":{\"name\":\"Gregor Sinai\",\"@id\":\"https:\/\/www.gregorsinai.com\/staging\/#\/schema\/person\/5005c7483e712a63f62813dd78077b78\"},\"headline\":\"Haftungsausschluss\",\"datePublished\":\"2022-10-18T17:14:26+00:00\",\"dateModified\":\"2022-11-03T22:11:44+00:00\",\"mainEntityOfPage\":{\"@id\":\"https:\/\/www.gregorsinai.com\/staging\/haftungsausschluss\/\"},\"wordCount\":195,\"publisher\":{\"@id\":\"https:\/\/www.gregorsinai.com\/staging\/#\/schema\/person\/5005c7483e712a63f62813dd78077b78\"},\"inLanguage\":\"de\"},{\"@type\":\"WebPage\",\"@id\":\"https:\/\/www.gregorsinai.com\/staging\/haftungsausschluss\/\",\"url\":\"https:\/\/www.gregorsinai.com\/staging\/haftungsausschluss\/\",\"name\":\"Haftungsausschluss - gregorsinai.com\",\"isPartOf\":{\"@id\":\"https:\/\/www.gregorsinai.com\/staging\/#website\"},\"datePublished\":\"2022-10-18T17:14:26+00:00\",\"dateModified\":\"2022-11-03T22:11:44+00:00\",\"breadcrumb\":{\"@id\":\"https:\/\/www.gregorsinai.com\/staging\/haftungsausschluss\/#breadcrumb\"},\"inLanguage\":\"de\",\"potentialAction\":[{\"@type\":\"ReadAction\",\"target\":[\"https:\/\/www.gregorsinai.com\/staging\/haftungsausschluss\/\"]}]},{\"@type\":\"BreadcrumbList\",\"@id\":\"https:\/\/www.gregorsinai.com\/staging\/haftungsausschluss\/#breadcrumb\",\"itemListElement\":[{\"@type\":\"ListItem\",\"position\":1,\"name\":\"Startseite\",\"item\":\"https:\/\/www.gregorsinai.com\/staging\/\"},{\"@type\":\"ListItem\",\"position\":2,\"name\":\"Haftungsausschluss\"}]},{\"@type\":\"WebSite\",\"@id\":\"https:\/\/www.gregorsinai.com\/staging\/#website\",\"url\":\"https:\/\/www.gregorsinai.com\/staging\/\",\"name\":\"gregorsinai.com\",\"description\":\"Fotografie &amp; Werbefilmproduktion aus Wien\",\"publisher\":{\"@id\":\"https:\/\/www.gregorsinai.com\/staging\/#\/schema\/person\/5005c7483e712a63f62813dd78077b78\"},\"potentialAction\":[{\"@type\":\"SearchAction\",\"target\":{\"@type\":\"EntryPoint\",\"urlTemplate\":\"https:\/\/www.gregorsinai.com\/staging\/?s={search_term_string}\"},\"query-input\":{\"@type\":\"PropertyValueSpecification\",\"valueRequired\":true,\"valueName\":\"search_term_string\"}}],\"inLanguage\":\"de\"},{\"@type\":[\"Person\",\"Organization\"],\"@id\":\"https:\/\/www.gregorsinai.com\/staging\/#\/schema\/person\/5005c7483e712a63f62813dd78077b78\",\"name\":\"Gregor Sinai\",\"image\":{\"@type\":\"ImageObject\",\"inLanguage\":\"de\",\"@id\":\"https:\/\/www.gregorsinai.com\/staging\/#\/schema\/person\/image\/\",\"url\":\"https:\/\/www.gregorsinai.com\/staging\/wp-content\/uploads\/2021\/05\/Logo-Site-Identity.jpg\",\"contentUrl\":\"https:\/\/www.gregorsinai.com\/staging\/wp-content\/uploads\/2021\/05\/Logo-Site-Identity.jpg\",\"width\":1458,\"height\":417,\"caption\":\"Gregor Sinai\"},\"logo\":{\"@id\":\"https:\/\/www.gregorsinai.com\/staging\/#\/schema\/person\/image\/\"},\"sameAs\":[\"https:\/\/www.gregorsinai.com\/staging\/\",\"facebook.com\/pix.covery\",\"instagram.com\/sinaiproductions\",\"https:\/\/www.linkedin.com\/in\/gregor-sinai-4733a61b8\/\",\"https:\/\/www.pinterest.co.uk\/gregorsinai\",\"https:\/\/www.youtube.com\/channel\/UCsjGZ16bni4G7OiusasKVAQ\"]}]}<\/script>\n<!-- \/ Yoast SEO plugin. -->","yoast_head_json":{"title":"Haftungsausschluss - gregorsinai.com","robots":{"index":"index","follow":"follow","max-snippet":"max-snippet:-1","max-image-preview":"max-image-preview:large","max-video-preview":"max-video-preview:-1"},"canonical":"https:\/\/www.gregorsinai.com\/staging\/haftungsausschluss\/","og_locale":"de_DE","og_type":"article","og_title":"Haftungsausschluss - gregorsinai.com","og_description":"Inhalte dieser Webseite Ich entwickle die Inhalte dieser Webseite st\u00e4ndig weiter und bem\u00fche mich korrekte und aktuelle Informationen bereitzustellen. Leider kann ich keine Haftung f\u00fcr die Korrektheit aller Inhalte auf dieser Webseite \u00fcbernehmen, speziell f\u00fcr jene die seitens Dritter bereitgestellt wurden. Sollten Ihnen problematische oder rechtswidrige Inhalte auffallen, bitte ich Sie mich umgehend zu kontaktieren, [&hellip;]","og_url":"https:\/\/www.gregorsinai.com\/staging\/haftungsausschluss\/","og_site_name":"gregorsinai.com","article_publisher":"facebook.com\/pix.covery","article_modified_time":"2022-11-03T22:11:44+00:00","og_image":[{"width":1458,"height":417,"url":"https:\/\/www.gregorsinai.com\/staging\/wp-content\/uploads\/2021\/05\/Logo-Site-Identity.jpg","type":"image\/jpeg"}],"twitter_card":"summary_large_image","twitter_misc":{"Gesch\u00e4tzte Lesezeit":"2\u00a0Minuten"},"schema":{"@context":"https:\/\/schema.org","@graph":[{"@type":["Article","BlogPosting"],"@id":"https:\/\/www.gregorsinai.com\/staging\/haftungsausschluss\/#article","isPartOf":{"@id":"https:\/\/www.gregorsinai.com\/staging\/haftungsausschluss\/"},"author":{"name":"Gregor Sinai","@id":"https:\/\/www.gregorsinai.com\/staging\/#\/schema\/person\/5005c7483e712a63f62813dd78077b78"},"headline":"Haftungsausschluss","datePublished":"2022-10-18T17:14:26+00:00","dateModified":"2022-11-03T22:11:44+00:00","mainEntityOfPage":{"@id":"https:\/\/www.gregorsinai.com\/staging\/haftungsausschluss\/"},"wordCount":195,"publisher":{"@id":"https:\/\/www.gregorsinai.com\/staging\/#\/schema\/person\/5005c7483e712a63f62813dd78077b78"},"inLanguage":"de"},{"@type":"WebPage","@id":"https:\/\/www.gregorsinai.com\/staging\/haftungsausschluss\/","url":"https:\/\/www.gregorsinai.com\/staging\/haftungsausschluss\/","name":"Haftungsausschluss - gregorsinai.com","isPartOf":{"@id":"https:\/\/www.gregorsinai.com\/staging\/#website"},"datePublished":"2022-10-18T17:14:26+00:00","dateModified":"2022-11-03T22:11:44+00:00","breadcrumb":{"@id":"https:\/\/www.gregorsinai.com\/staging\/haftungsausschluss\/#breadcrumb"},"inLanguage":"de","potentialAction":[{"@type":"ReadAction","target":["https:\/\/www.gregorsinai.com\/staging\/haftungsausschluss\/"]}]},{"@type":"BreadcrumbList","@id":"https:\/\/www.gregorsinai.com\/staging\/haftungsausschluss\/#breadcrumb","itemListElement":[{"@type":"ListItem","position":1,"name":"Startseite","item":"https:\/\/www.gregorsinai.com\/staging\/"},{"@type":"ListItem","position":2,"name":"Haftungsausschluss"}]},{"@type":"WebSite","@id":"https:\/\/www.gregorsinai.com\/staging\/#website","url":"https:\/\/www.gregorsinai.com\/staging\/","name":"gregorsinai.com","description":"Fotografie &amp; Werbefilmproduktion aus Wien","publisher":{"@id":"https:\/\/www.gregorsinai.com\/staging\/#\/schema\/person\/5005c7483e712a63f62813dd78077b78"},"potentialAction":[{"@type":"SearchAction","target":{"@type":"EntryPoint","urlTemplate":"https:\/\/www.gregorsinai.com\/staging\/?s={search_term_string}"},"query-input":{"@type":"PropertyValueSpecification","valueRequired":true,"valueName":"search_term_string"}}],"inLanguage":"de"},{"@type":["Person","Organization"],"@id":"https:\/\/www.gregorsinai.com\/staging\/#\/schema\/person\/5005c7483e712a63f62813dd78077b78","name":"Gregor Sinai","image":{"@type":"ImageObject","inLanguage":"de","@id":"https:\/\/www.gregorsinai.com\/staging\/#\/schema\/person\/image\/","url":"https:\/\/www.gregorsinai.com\/staging\/wp-content\/uploads\/2021\/05\/Logo-Site-Identity.jpg","contentUrl":"https:\/\/www.gregorsinai.com\/staging\/wp-content\/uploads\/2021\/05\/Logo-Site-Identity.jpg","width":1458,"height":417,"caption":"Gregor Sinai"},"logo":{"@id":"https:\/\/www.gregorsinai.com\/staging\/#\/schema\/person\/image\/"},"sameAs":["https:\/\/www.gregorsinai.com\/staging\/","facebook.com\/pix.covery","instagram.com\/sinaiproductions","https:\/\/www.linkedin.com\/in\/gregor-sinai-4733a61b8\/","https:\/\/www.pinterest.co.uk\/gregorsinai","https:\/\/www.youtube.com\/channel\/UCsjGZ16bni4G7OiusasKVAQ"]}]}},"_links":{"self":[{"href":"https:\/\/www.gregorsinai.com\/staging\/wp-json\/wp\/v2\/pages\/2403","targetHints":{"allow":["GET"]}}],"collection":[{"href":"https:\/\/www.gregorsinai.com\/staging\/wp-json\/wp\/v2\/pages"}],"about":[{"href":"https:\/\/www.gregorsinai.com\/staging\/wp-json\/wp\/v2\/types\/page"}],"author":[{"embeddable":true,"href":"https:\/\/www.gregorsinai.com\/staging\/wp-json\/wp\/v2\/users\/2"}],"replies":[{"embeddable":true,"href":"https:\/\/www.gregorsinai.com\/staging\/wp-json\/wp\/v2\/comments?post=2403"}],"version-history":[{"count":0,"href":"https:\/\/www.gregorsinai.com\/staging\/wp-json\/wp\/v2\/pages\/2403\/revisions"}],"wp:attachment":[{"href":"https:\/\/www.gregorsinai.com\/staging\/wp-json\/wp\/v2\/media?parent=2403"}],"curies":[{"name":"wp","href":"https:\/\/api.w.org\/{rel}","templated":true}]}}